- -46. Let m(g) = -g**3 + 9*g**2 - 3*g - 5. List the prime factors of m(z).
2, 3
Suppose -q + 5*b = 2*q - 115, 3*b = 3*q - 117. Let j = 47 - 29. Let g = q + j. What are the prime factors of g?
2, 29
Suppose -2*p + 3*v - 7 = -3, 4*p - 5*v = -4. Suppose 0 = p*b - 2*b - 10. Suppose b*d = 18 + 7. What are the prime factors of d?
5
Let j be (-1611)/9 + 4/(-3)*-3. Let v = -96 - j. What are the prime factors of v?
79
Let j be (-14)/(-6) - (-2)/(-6). Let o be (6 + 4)*1/j. Suppose -30 = -3*y - c, -o*y - 4*c = -3*c - 50. List the prime factors of y.
2, 5
Suppose 29*n + 9 = 32*n. Suppose -285 = -n*l + 2*q, 5*l + 0*q + 4*q - 497 = 0. List the prime factors of l.
97
Let k(g) = 84*g**3 - g**2 + 2*g + 1. What are the prime factors of k(2)?
673
Suppose -403 = -s + 905. What are the prime factors of s?
2, 3, 109
Let j be (-2)/3 + 480/72. Suppose 3*s + 2*o - 226 = 0, 6*o - 3*o - j = 0. List the prime factors of s.
2, 37
Let s = 2025 + 858. What are the prime factors of s?
3, 31
Let p(v) = -v + 1. Suppose 48 = -w - 2*w. Let c be p(w). Suppose -c*g + 16*g = -17. List the prime factors of g.
17
Let q be (1/2)/((-33)/(-6864)). Let y = 202 - q. List the prime factors of y.
2, 7
Suppose -3*h = -2 - 4. Suppose -6*f + 3*f - 4*n + 35 = 0, -2*n = -h*f. What are the prime factors of f?
5
Suppose -4*n + 5*n - 10 = 0. Let c(a) = 2*a**2 + 30. What are the prime factors of c(n)?
2, 5, 23
Let y(s) be the second derivative of -s**3/3 - 6*s. Let c = -34 + 17. What are the prime factors of y(c)?
2, 17
Let v(r) = -39*r**3 + r**2. Suppose -5*q = 2*s + 2 + 1, 4*q + 3*s = -8. Let i be v(q). List the prime factors of (-3 - 2*i) + -4.
3, 23
Suppose -2*r = 5*c - 4, -5*c - 3*r + 3 = -3. Let u(y) = -y**2 + 2*y + 132. Let t be u(c). What are the prime factors of 4/22 + 5256/t?
2, 5
Let d(q) = 5*q**2 + 6*q - 13. Let h(k) = k**3 - 4*k**2 + k - 1. Let c be h(3). List the prime factors of d(c).
2, 5, 19
Let s = 2342 + -1350. What are the prime factors of s?
2, 31
Let t(f) be the third derivative of -49*f**4/24 + f**3/3 + 7*f**2 + 1. List the prime factors of t(-1).
3, 17
Let b be (2/6)/((-1)/(-18)). Suppose -4*t = -b*t + 216. Suppose 5*p = p + t. List the prime factors of p.
3
Suppose 0 = 8*h - 526 - 434. Suppose h = 4*v + 3*x, -5*x = -5*v + 31 + 84. What are the prime factors of v?
3
Let n(r) = 2*r**2 - 5*r + 7. Let h be (-3)/5 + (-12)/5. List the prime factors of n(h).
2, 5
Let i(s) = s**3 - s**2 + 3*s - 3. Let d be -10 - (-3 - 0 - 0). Let j = -3 - d. List the prime factors of i(j).
3, 19
Let y(l) = l**2 - 5*l - 45. What are the prime factors of y(-20)?
5, 7, 13
Let b be (4/(-1 + 3))/1. Let j(h) = 975 - 975 + h + 19*h**b. What are the prime factors of j(-2)?
2, 37
Suppose -147 - 74 = -13*l. What are the prime factors of l?
17
Suppose 0 = -6*z + 2*z. Suppose q + 0 + 5 = z. What are the prime factors of (0 - (q - -3)) + 25?
3
Let h = 3439 - 2409. List the prime factors of h.
2, 5, 103
Suppose -2*l - l = -12, -p = -3*l - 81. Let c = p + -156. List the prime factors of 1 - c*1/1.
2
Let z be (1 + -2)*(-31 - -2). Suppose -4*j + 15 = -z. Let g = j + 6. List the prime factors of g.
17
Let q = -1068 + 2218. What are the prime factors of q?
2, 5, 23
Let y = 7 - 4. Suppose 0*q = -y*f + q + 1, -q = -2. List the prime factors of 0/(f + 2) - -28.
2, 7
Let k = 2364 - 402. What are the prime factors of k?
2, 3, 109
Let z be 3927/136 - (-4)/32. Let g(c) = 2*c**2 - 2*c + 1. Let l be g(2). Suppose l = v - z. What are the prime factors of v?
2, 17
Let a(x) = 0*x + 25*x - 27 + 16. List the prime factors of a(3).
2
Let c = -502 + 936. What are the prime factors of c?
2, 7, 31
Let o(w) = -2*w - 1. Let p be o(-4). Let c(x) = 13*x + 13. What are the prime factors of c(p)?
2, 13
Let f(t) = -10*t + 6. Suppose 4*b - 12 = b. Let p be (-13)/b - (-1)/4. What are the prime factors of f(p)?
2, 3
Suppose 0 = 2*p + p - 6. Suppose p*q = q + 2. What are the prime factors of (-4)/(-2) - (q - 21)?
3, 7
Let v = 284 - 267. Let n = 21 - 0. Let q = n - v. What are the prime factors of q?
2
Let t = -1 + 15. Suppose l = 34 + t. What are the prime factors of l?
2, 3
Let l = 139 + -135. Suppose 2*t + 5*q = 609, -l*t - 5*q + 2*q + 1183 = 0. What are the prime factors of t?
2, 73
Suppose 0 = -2*g + 1183 + 1095. What are the prime factors of g?
17, 67
Let q(z) be the second derivative of 7*z**4/12 - z**3/6 + z**2/2 + 2*z. Let d be q(1). Let r = 22 - d. List the prime factors of r.
3, 5
Let u = 6 + 25. Let k = 87 - u. List the prime factors of k.
2, 7
Suppose 3*u + n + 1861 = 10132, -4*n + 2768 = u. Suppose -y = 12*y - u. What are the prime factors of y?
2, 53
Suppose -2*n = 2*p - 4074, 2*n - 634 = -p + 1407. List the prime factors of p.
19, 107
What are the prime factors of (1 - 1 - -1249) + (-80)/20?
3, 5, 83
What are the prime factors of 14/(-35) - (-1 + 49932/(-30))?
3, 5, 37
Suppose 0 = 4*c - 5*b - 1519, 2*c + 5*b - 1529 = -2*c. List the prime factors of c.
3, 127
Let o(i) = -i**3 - 11*i**2 - 19*i + 11. Let x be o(-10). Let l = x + -52. List the prime factors of l.
7
Let f be (5 - 8)*177/3. Let p = f + 308. What are the prime factors of p?
131
Suppose -g = 2*j - 43, -2*j + 72 = j + 3*g. Suppose 8*v = 12*v - 24. Let t = j - v. List the prime factors of t.
13
Suppose p + 510 = b + 2*p, 507 = b + 2*p. What are the prime factors of b?
3, 19
Let n = -49 + -10. What are the prime factors of n*(-1)/(2 - 1)?
59
Suppose -6 = -h + 4*h. Let z be h/5*30/(-4). Suppose 2*y + z*v - 92 = 7*v, -y + 34 = -5*v. List the prime factors of y.
2, 3
Let i = 1944 + -778. List the prime factors of i.
2, 11, 53
Suppose -x = -1387 + 177. What are the prime factors of x?
2, 5, 11
Let u = -85 + 91. Suppose 0*m = -u*m + 642. List the prime factors of m.
107
Let k = -630 - -1479. List the prime factors of k.
3, 283
Let k = 34 + -34. Let l = 64 + k. What are the prime factors of l?
2
Suppose -3*b = g + 22, -10 = -b + 6*g - 2*g. Let k(y) = -y**3 - 7*y**2 + 4*y - 3. Let t be k(b). Let a = -41 - t. List the prime factors of a.
2, 11
Let c = 386 + -66. List the prime factors of c.
2, 5
Suppose -y = 7*y + 16. Let x be (1/(-3))/(y/(-18)). What are the prime factors of (-8)/x*(-54)/(-24)?
2, 3
Let g(h) be the first derivative of -h**4/4 + h**3 - h**2 + 3*h - 2. Let p be g(2). Suppose 8 = -3*t - r + 27, p*t = -4*r + 31. List the prime factors of t.
5
Suppose 0 = -14*q + 49386 + 22840. List the prime factors of q.
7, 11, 67
Let i(l) = -l**3 - 6*l**2 - 2*l. Let q be i(-4). List the prime factors of (-618)/q - (-6)/(-8).
5
Let w(z) be the second derivative of -z**4/12 - 3*z**3/2 - 5*z. What are the prime factors of w(-5)?
2, 5
Let g(t) = -4*t - 2*t**2 - t**3 + 18 - 9 - 14. What are the prime factors of g(-4)?
43
Let k = -232 + 657. List the prime factors of k.
5, 17
Let c = 361 + -211. Suppose 5*x = 4*x - 2*j + c, 0 = -5*x + 2*j + 762. What are the prime factors of x?
2, 19
Let v(x) = 195*x**2 + 5*x + 5. What are the prime factors of v(-2)?
5, 31
Let o(q) = -q**3 - 5*q**2 - 6*q + 4. Let c be o(-3). Suppose -u = -c*u + 117. What are the prime factors of u?
3, 13
Suppose -52206 - 26004 = -18*z. List the prime factors of z.
5, 11, 79
Suppose -2*p - 2*p + 4*k = -84, -4*p - k = -99. List the prime factors of p.
2, 3
Let q(b) = -1587*b - 482. What are the prime factors of q(-3)?
11, 389
Let r = 3347 + -1833. What are the prime factors of r?
2, 757
Let k(f) = -34*f - 3. Let m = 5 + -7. What are the prime factors of k(m)?
5, 13
Let b(k) = k + 16. Let a be b(0). Let f be (-12)/a + 422/8. Let y = -19 + f. List the prime factors of y.
3, 11
What are the prime factors of 610 + 1*(-3)/(-1) + 3?
2, 7, 11
Let q(l) = -l**3 + 6*l**2 + 8*l - 5. Suppose 2*s + 10 = 2*b, s - 20 = -4*b - 2*s. What are the prime factors of q(b)?
2, 3, 5
Let h be -6 - -2 - (1 + 0). Suppose -2*q - 5*n = -46, 3*q - 53 = -2*n + 27. Let d = q + h. What are the prime factors of d?
23
Suppose x + 3*v = -2*x - 105, x = 5*v - 5. Let j = x - -36. What are the prime factors of j?
2, 3
Let v(y) = -6 - 2*y - 8*y - 6. List the prime factors of v(-6).
2, 3
Suppose 876 = 2*m + 2*u, -2*m + 4*u = -818 - 82. Let k = m - 202. Suppose 0*n + 5*n = k. What are the prime factors of n?
2, 3
Suppose -111 = -3*t - 42. List the prime factors of t.
23
Suppose -4*k = -2*k - 10. Suppose 0 = -k*m - 2 + 227. List the prime factors of -2 + m + -3 